{"id":2076,"date":"2012-07-23T17:24:01","date_gmt":"2012-07-23T16:24:01","guid":{"rendered":"http:\/\/www.optimal-banking.de\/news\/?page_id=2076"},"modified":"2019-01-07T13:54:46","modified_gmt":"2019-01-07T12:54:46","slug":"dkb-auslandseinsatz","status":"publish","type":"page","link":"https:\/\/www.optimal-banking.de\/news\/dkb-auslandseinsatz\/","title":{"rendered":"Streng getestet: DKB Visa Card im Auslandseinsatz!"},"content":{"rendered":"<p><div id=\"attachment_2138\" style=\"width: 430px\" class=\"wp-caption alignright\"><img loading=\"lazy\" decoding=\"async\" aria-describedby=\"caption-attachment-2138\" src=\"https:\/\/www.optimal-banking.de\/news\/wp-content\/uploads\/sites\/2\/2012\/07\/dkb-kreditkarte-getestet.jpg\" alt=\"DKB Kreditkarte erhielt Auszeichnung mit Bestnote.\" title=\"Bestnote f\u00fcr die DKB Kreditkarte vergeben!\" width=\"420\" height=\"127\" class=\"size-full wp-image-2138\" srcset=\"https:\/\/www.optimal-banking.de\/news\/wp-content\/uploads\/sites\/2\/2012\/07\/dkb-kreditkarte-getestet.jpg 420w, https:\/\/www.optimal-banking.de\/news\/wp-content\/uploads\/sites\/2\/2012\/07\/dkb-kreditkarte-getestet-300x91.jpg 300w\" sizes=\"(max-width: 420px) 100vw, 420px\" \/><p id=\"caption-attachment-2138\" class=\"wp-caption-text\">Testergebnis: <a href=\"\/data\/testsiegel-2012.php#dkbvisa\">Bestnote<\/a>!<\/p><\/div><br \/>\nBereits seit 2004 bin ich zu&shy;friedener <a href=\"\/bank\/dkb-girokonto.php\">DKB-Kunde<\/a> und habe schon \u00f6fter \u00fcber verschiedene Funktionen des genialen Kontos berichtet. Nun m\u00f6chte ich meine Erfahrungen mit dem Auslands&shy;einsatz der VISA Card auf einer einzigen Seite zusammenf\u00fchren.<br \/>\nEs sind einige interessante Tipps aus der Praxis dabei, die bisher kaum einer breiten \u00d6ffentlichkeit bekannt sein d\u00fcrften!<\/p>\n<blockquote><p>Leitspruch der DKB: Geld abheben weltweit kostenlos!<\/p><\/blockquote>\n<div style=\"float:right;margin-right:0px\">\n<div style=\"background-color:#FFF4EA;border:solid 1px #FFDCB9;padding:5px 7px;float:right;margin:0 0 1px 5px;width:200px\">\n<h5 style=\"margin-bottom:2px\">Navigation DKB<\/h5>\n<ul style=\"margin-bottom:2px;margin-top:0\">\n<li><a href=\"\/bank\/dkb-girokonto.php\">Girokonto<\/a><\/li>\n<li><a href=\"\/bank\/dkb-bargeld.php\">Bargeld kostenlos<\/a><\/li>\n<li><a href=\"\/bank\/dkb-2-kreditkarte.php\">2. Visa Card<\/a><\/li>\n<li><a href=\"\/bank\/dkb-dispo.php\">Dispo<\/a><\/li>\n<\/ul><\/div>\n<\/div>\n<p>Die Deutsche Kreditbank Aktiengesellschaft (kurz: DKB) ist seit Jahren daf\u00fcr bekannt, dass man mit der <a href=\"\/bank\/dkb-visa.php\">VISA Card<\/a> \u00fcberall auf der Welt kostenlos Bargeld beziehen kann. Wie das genau funktioniert und welche weiteren Vorteile damit verbunden sind jetzt im Einzelnen &hellip;<br \/>\nDirekt zum Angebot: <a href=\"\/go.php?id=dkb_kreditkarte\" target=\"_blank\" rel=\"nofollow\"><b>www.dkb.de<\/b>\/privatkunden\/dkb_cash<\/a><\/p>\n<h2>Ankunft am Flughafen &#8212; erste Bargeldversorgung<\/h2>\n<p><div id=\"attachment_2088\" style=\"width: 410px\" class=\"wp-caption alignright\"><img loading=\"lazy\" decoding=\"async\" aria-describedby=\"caption-attachment-2088\" src=\"https:\/\/www.optimal-banking.de\/news\/wp-content\/uploads\/sites\/2\/2012\/07\/bargeld-automat-singapur.jpg\" alt=\"Autor mit DKB Visa Card vor einem Bargeldautomat am Flughafen Singapure\" title=\"Bargeldautomat am Flughafen Singapur\" width=\"400\" height=\"400\" class=\"size-full wp-image-2088\" srcset=\"https:\/\/www.optimal-banking.de\/news\/wp-content\/uploads\/sites\/2\/2012\/07\/bargeld-automat-singapur.jpg 400w, https:\/\/www.optimal-banking.de\/news\/wp-content\/uploads\/sites\/2\/2012\/07\/bargeld-automat-singapur-150x150.jpg 150w, https:\/\/www.optimal-banking.de\/news\/wp-content\/uploads\/sites\/2\/2012\/07\/bargeld-automat-singapur-300x300.jpg 300w, https:\/\/www.optimal-banking.de\/news\/wp-content\/uploads\/sites\/2\/2012\/07\/bargeld-automat-singapur-100x100.jpg 100w\" sizes=\"(max-width: 400px) 100vw, 400px\" \/><p id=\"caption-attachment-2088\" class=\"wp-caption-text\">Hier holt der Autor erstes Bargeld aus einem Automaten am Flughafen Singapur.<\/p><\/div><br \/>\nFast vergessen sind schon die Zeiten, in denen man bei seiner Hausbank Tage vor Reiseantritt das erste Geld wechseln lies, damit man am Urlaubsort gleich loslegen kann.<br \/>\nDas war zumindest mein Eindruck, als ich am Flughafen Sydney eine Warteschlange von 10 bis 15 Minuten vor der Wechselstube sah.<br \/>\nWie an Flugh\u00e4fen \u00fcblich standen ebenfalls mehrere Geldautomaten zur Verf\u00fcgung. Hier war Platz, denn die meisten anderen Banken berechnen hohe Geb\u00fchren f\u00fcr die Nutzung von Fremdautomaten f\u00fcr den Bargeldbezug.<\/p>\n<h3>Ohne Wechselspesen<\/h3>\n<p>Bei der DKB ist nicht nur die Nutzung von allen VISA-f\u00e4higen Geldautomaten kostenlos, selbst f\u00fcr den W\u00e4hrungstausch Euro in Fremdw\u00e4hrung berechnet die Bank absolut keine Geb\u00fchren.<br \/>\nGewechselt wird stets zum tagesaktuellen Kurs. Diesen kann man v\u00f6llig transparent auf dieser Seite nachvollziehen: <a href=\"https:\/\/misc.firstdata.eu\/CurrencyCalculator\/fremdwaehrungskurse\/calendar\" target=\"_blank\">https:\/\/misc.firstdata.eu\/CurrencyCalculator\/fremdwaehrungskurse\/calendar<\/a><\/p>\n<blockquote><p>Merke: Als DKB-Kunde erh\u00e4lt man unabh\u00e4ngig von der W\u00e4hrung \u00fcberall auf der Welt Bargeld kostenlos!<\/p><\/blockquote>\n<h2>Kreditkartenzahlung im Ausland<\/h2>\n<p><div id=\"attachment_2105\" style=\"width: 210px\" class=\"wp-caption alignright\"><img loading=\"lazy\" decoding=\"async\" aria-describedby=\"caption-attachment-2105\" src=\"https:\/\/www.optimal-banking.de\/news\/wp-content\/uploads\/sites\/2\/2012\/07\/kreditkarten-willkommen.jpg\" alt=\"Verschiedene Kreditkarten-Logos\" title=\"Kreditkarten willkommen!\" width=\"200\" height=\"298\" class=\"size-full wp-image-2105\" \/><p id=\"caption-attachment-2105\" class=\"wp-caption-text\">Besonders im englisch&shy;sprachigen Ausland sind Kreditkarten g\u00e4ngiges Zahlungsmittel.<\/p><\/div><br \/>\nH\u00e4ufiges Zahlungsmittel auf Reisen sind Kreditkarten. Das ist praktisch, da man sich keine Gedanken \u00fcber die H\u00f6he des mitzuf\u00fchrenden Bargeldes machen und au\u00dferdem nach der Zahlung kein Wechselgeld herumschleppen muss.<br \/>\nIn vielen L\u00e4ndern ist die Kreditkartenzahlung so verbreitet, dass man selbst eine Packung Kaugummis problemlos damit kaufen kann. Das trifft jedenfalls auf die Marken VISA und MasterCard zu. Die Akzeptanz von <a href=\"\/bank\/american-express-karten.php\">American Express<\/a> ist nicht so gro\u00df und mancherorts muss man als AMEX-Kunde eine Extra-Geb\u00fchr bezahlen. Das liegt daran, dass American Express den Vertragsunternehmen h\u00e4ufig h\u00f6here Spesen f\u00fcr den Karteneinsatz berechnet als Visa und MasterCard. Das wird in einigen F\u00e4llen im Ausland an den Kunden weitergegeben. In Deutschland ist das nicht zul\u00e4ssig.<br \/>\nZahlt man im Gesch\u00e4ft, Hotel oder Restaurant direkt mit der DKB Visa Card in einer Fremdw\u00e4hrung, dann fallen laut Preisverzeichnis 1,75&nbsp;% Auslandseinsatzgeb\u00fchr an. Diese wird im Kontoauszug separat und transparent ausgewiesen. Die Geb\u00fchr bewegt sich in der branchen\u00fcblichen Spanne von 1,5 bis 2&nbsp;%.<\/p>\n<h3>Tipp zur Vermeidung der Auslandseinsatzgeb\u00fchr<\/h3>\n<p>Man holt einfach gen\u00fcgend Bargeld aus dem Automaten (hier f\u00e4llt keine Auslandseinsatzgeb\u00fchr an) und zahlt in bar.<br \/>\nWenn man einen Bankautomaten in einer seri\u00f6sen Bank w\u00e4hlt, hat dieses Vorgehen auch einen Sicherheitsaspekt. Die Kreditkarte kann nicht am Zahlungsterminal oder im Hinterzimmer kopiert werden. Diese F\u00e4lle von Kreditkartenmanipulationen sind selten, kommen jedoch vor.<\/p>\n<h2>Buchung einer Kaution auf die Kreditkarte bei einem Mietwagen<\/h2>\n<p>In einigen L\u00e4ndern ist es \u00fcblich, dass man f\u00fcr einen Mietwagen eine Kaution (Sicherheitsleistung) hinterlegen muss. Da es bei Barkautionen (man zahlt am Tag der Anmietung ein und erh\u00e4lt das Geld am Tag der R\u00fcckgabe wieder, wenn keine Sch\u00e4den aufgetreten sind) gelegentlich Probleme gab, ist es eine beliebte Methode, die Kaution auf der Kreditkarte zu vermerken.<br \/>\nEs wird auf der Kreditkarte ein Betrag gesperrt, den im Schadensfall die Mietwagengesellschaft teilweise oder komplett abrufen kann. Wird der Wagen ohne Beanstandung abgegeben, hebt sich die Kreditkartenkaution wieder auf.<br \/>\nWird die Kaution nicht in Anspruch genommen, ist auch keine Zahlung entstanden und es f\u00e4llt ebenfalls keine Auslandseinsatzgeb\u00fchr an.<\/p>\n<blockquote><p>Merke: Auslandseinsatzgeb\u00fchren vermeidet man durch Barzahlungen. Kautionshinterlegungen l\u00f6sen keine Geb\u00fchr aus.<\/p><\/blockquote>\n<h2>So \u00fcberpr\u00fcft man, ob die Auslandsums\u00e4tze korrekt abgerechnet wurden<\/h2>\n<p>Nachfolgend ein Auszug meiner Kreditkartenabrechnung nach einem London-Aufenthalt:<br \/>\n<div id=\"attachment_2101\" style=\"width: 660px\" class=\"wp-caption alignleft\"><img loading=\"lazy\" decoding=\"async\" aria-describedby=\"caption-attachment-2101\" src=\"https:\/\/www.optimal-banking.de\/news\/wp-content\/uploads\/sites\/2\/2012\/07\/abrechnung-auslandsumsaetze.jpg\" alt=\"Auszug von meiner Kreditkartenabrechnung\" title=\"Auszug von meiner Kreditkartenabrechnung\" width=\"650\" height=\"154\" class=\"size-full wp-image-2101\" srcset=\"https:\/\/www.optimal-banking.de\/news\/wp-content\/uploads\/sites\/2\/2012\/07\/abrechnung-auslandsumsaetze.jpg 650w, https:\/\/www.optimal-banking.de\/news\/wp-content\/uploads\/sites\/2\/2012\/07\/abrechnung-auslandsumsaetze-300x71.jpg 300w\" sizes=\"(max-width: 650px) 100vw, 650px\" \/><p id=\"caption-attachment-2101\" class=\"wp-caption-text\">1.) bei der Bargeldabhebung am Automaten der Harrods Bank fiel absolut keine Geb\u00fchr an<br \/>2.) bei der Bezahlung im Supermarkt Tesco wurden 1,75 % Auslandseinsatzgeb\u00fchren berechnet<br \/>rot markiert ist der Wechselkurs vom 12.6.<\/p><\/div><br \/>\nWurde der richtige Wechselkurs genommen? Das kann man mit diesem Tool  <a href=\"http:\/\/www.firstdata.de\/fremdwaehrungskurse\/index.php\" target=\"_blank\">http:\/\/www.firstdata.de\/fremdwaehrungskurse\/index.php<\/a> einfach \u00fcberpr\u00fcfen:<br \/>\n<div id=\"attachment_2103\" style=\"width: 660px\" class=\"wp-caption alignleft\"><img loading=\"lazy\" decoding=\"async\" aria-describedby=\"caption-attachment-2103\" src=\"https:\/\/www.optimal-banking.de\/news\/wp-content\/uploads\/sites\/2\/2012\/07\/firstdata-waehrungskurs.jpg\" alt=\"Anleitung zur \u00dcberpr\u00fcfung von Wechselkurs und Kreditkartenabrechnung.\" title=\"So \u00fcberpr\u00fcft man, ob der richtige Wechselkurs genommen wurde.\" width=\"650\" height=\"295\" class=\"size-full wp-image-2103\" srcset=\"https:\/\/www.optimal-banking.de\/news\/wp-content\/uploads\/sites\/2\/2012\/07\/firstdata-waehrungskurs.jpg 650w, https:\/\/www.optimal-banking.de\/news\/wp-content\/uploads\/sites\/2\/2012\/07\/firstdata-waehrungskurs-300x136.jpg 300w\" sizes=\"(max-width: 650px) 100vw, 650px\" \/><p id=\"caption-attachment-2103\" class=\"wp-caption-text\">Das \u00dcberpr\u00fcfen von Wechselkurs und Kreditkartenabrechnung ist wirklich einfach. Zu beachten ist, dass man stets das Datum angegeben muss, an dem die Buchung auf dem Konto stattfand. Nicht das Datum des Kaufs, k\u00f6nnte ja ein Wochenendtag gewesen sein.<\/p><\/div><\/p>\n<h2>Lokale Geb\u00fchren von Geldautomaten<\/h2>\n<p>Es gibt einige Regionen wie beispielsweise in New York City, die lokale Geb\u00fchren f\u00fcr die Nutzung der Bargeldautomaten berechnen und von der Auszahlungssumme abziehen. Das ist selten, kommt aber vor.<br \/>\n<div id=\"attachment_2086\" style=\"width: 410px\" class=\"wp-caption alignright\"><img loading=\"lazy\" decoding=\"async\" aria-describedby=\"caption-attachment-2086\" src=\"https:\/\/www.optimal-banking.de\/news\/wp-content\/uploads\/sites\/2\/2012\/07\/operator-fee.jpg\" alt=\"Geb\u00fchrenanzeige beim Geld abheben\" title=\"Geb\u00fchrenanzeige trifft nicht auf DKB-Kunden zu.\" width=\"400\" height=\"258\" class=\"size-full wp-image-2086\" srcset=\"https:\/\/www.optimal-banking.de\/news\/wp-content\/uploads\/sites\/2\/2012\/07\/operator-fee.jpg 400w, https:\/\/www.optimal-banking.de\/news\/wp-content\/uploads\/sites\/2\/2012\/07\/operator-fee-300x194.jpg 300w\" sizes=\"(max-width: 400px) 100vw, 400px\" \/><p id=\"caption-attachment-2086\" class=\"wp-caption-text\">Hier werden zwar Abhebegeb\u00fchren angezeigt, diese \u00fcbernimmt jedoch direkt und automatisch die DKB. Sie erscheinen nicht auf dem Kontoauszug des Kunden!<\/p><\/div><\/p>\n<h3>L\u00f6sung<\/h3>\n<p>Quittung nehmen und per Post oder eingescannt via E-Mail an die DKB mit der Bitte der Erstattung senden. Die DKB steht zu ihrem Versprechen, dass die Bargeldversorgung weltweit kostenlos ist, und erstattet gerne den Betrag durch Gutschrift auf das DKB-Konto des Kunden.<br \/>\nManchmal wird bei der Geldabhebung am Automaten eine Abhebegeb\u00fchr angezeigt, diese jedoch direkt mit der kontof\u00fchrenden Bank verrechnet. Andere Banken buchen diese vom Girokonto ab. Nicht so die DKB, die die Geb\u00fchren selbst tr\u00e4gt. Ob eine lokale Geb\u00fchr tats\u00e4chlich angefallen ist, sieht man stets am Quittungsausdruck, den solche Automaten auf Wunsch ausdrucken.<\/p>\n<blockquote><p>Merke: Die DKB erstattet lokale Geb\u00fchren.<\/p><\/blockquote>\n<h2>Zahlung mit PIN oder Unterschrift<\/h2>\n<p>In einigen L\u00e4ndern wird man beim Zahlungsvorgang mit der Kreditkarte gefragt, ob man die Zahlung mit der Eingabe der PIN oder mit der Unterschrift best\u00e4tigen m\u00f6chte.<br \/>\n<div id=\"attachment_2080\" style=\"width: 410px\" class=\"wp-caption alignright\"><img loading=\"lazy\" decoding=\"async\" aria-describedby=\"caption-attachment-2080\" src=\"https:\/\/www.optimal-banking.de\/news\/wp-content\/uploads\/sites\/2\/2012\/07\/pin-eingabe.jpg\" alt=\"DKB Visa Card im mobilen Zahlungsterminal.\" title=\"PIN-Eingabe um die Zahlung zu autorisieren erforderlich.\" width=\"400\" height=\"167\" class=\"size-full wp-image-2080\" srcset=\"https:\/\/www.optimal-banking.de\/news\/wp-content\/uploads\/sites\/2\/2012\/07\/pin-eingabe.jpg 400w, https:\/\/www.optimal-banking.de\/news\/wp-content\/uploads\/sites\/2\/2012\/07\/pin-eingabe-300x125.jpg 300w\" sizes=\"(max-width: 400px) 100vw, 400px\" \/><p id=\"caption-attachment-2080\" class=\"wp-caption-text\">Jede Zahlung mit der DKB VISA Card muss aus Sicher&shy;heitsgr\u00fcnden mit der PIN-Eingabe autorisiert werden.<\/p><\/div><br \/>\nBei der DKB k\u00f6nnen Zahlungen nur mit der PIN-Eingabe best\u00e4tigt werden. Das ist ein wichtiger Sicherheitsaspekt, falls die Karte gestohlen werden sollte.<\/p>\n<h3>Aus der Praxis &hellip;<\/h3>\n<p>Die PIN darf keinesfalls auf der R\u00fcckseite der Kreditkarte notiert werden! Es gibt n\u00e4mlich gen\u00fcgend Staaten, in denen es nicht darauf ankommt, ob Kreditkarteninhaber und die zahlenden Person dieselbe sind.<\/p>\n<h2>Zusammenfassung zum Auslandseinsatz der DKB Visa Card<\/h2>\n<p>Pers\u00f6nlich habe ich schon viele Erfahrungen mit dem Bargeldabheben und auch mit dem direkten Bezahlen im europ\u00e4ischen Ausland (England, Frankreich, Niederlande, \u00d6sterreich, Schweden, Schweiz, Spanien) und Australien gemacht. Nie habe ich auch nur einen einzigen Cent f\u00fcr eine Bargeldabhebung mit dieser Karte gezahlt.<\/p>\n<blockquote><p>F\u00fcr mich ist die DKB Card die beste Kreditkarte auf Reisen. Ich freue mich DKB-Kunde zu sein.<\/p><\/blockquote>\n<h3>Hinweis zur Beantragung der DKB Visa Card<\/h3>\n<p>Beantragt wird stets das Internet-Konto der DKB. Die Visa Card ist immer automatisch und kostenlos dabei. Aufgrund der sehr guten Konditionen ist es verst\u00e4ndlich, dass die DKB bevorzugt Menschen mit guter Bonit\u00e4t als Kunde aufnimmt. Dazu sind Einkommensnachweise einzureichen.<\/p>\n<div style=\"margin-top:40px;margin-bottom:40px;min-width:400px\">\n<h3 class=\"lbo\">&#x201C;Jetzt zur DKB wechseln&#x201D;<\/h3>\n<div class=\"lb-rand\">\n<p style=\"text-align:center;margin-top:10px\">Weltweit <b>geb\u00fchrenfrei<\/b> Bargeld erhalten<\/p>\n<div class=\"lb-link\"><a href=\"\/go.php?id=dkb_kreditkarte\" rel=\"nofollow\" target=\"_blank\">Hier geht&#x2019;s zur Bank &raquo;&nbsp;<\/a><\/div>\n<p style=\"text-align:center;margin-top:10px\"><a href=\"\/go.php?id=dkb_kreditkarte\" rel=\"nofollow\" target=\"_blank\"><b>www.dkb.de<\/b>\/privatkunden\/dkb_cash<\/a><\/p>\n<\/div>\n<\/div>\n<div style=\"float:right;margin-right:0px\">\n<div style=\"background-color:#FFF4EA;border:solid 1px #FFDCB9;padding:5px 7px;float:right;margin:0 0 1px 5px;width:200px\">\n<h5 style=\"margin-bottom:2px\">Navigation DKB<\/h5>\n<ul style=\"margin-bottom:2px;margin-top:0\">\n<li><a href=\"\/bank\/dkb-girokonto.php\">Girokonto<\/a><\/li>\n<li><a href=\"\/bank\/dkb-bargeld.php\">Bargeld kostenlos<\/a><\/li>\n<li><a href=\"\/bank\/dkb-2-kreditkarte.php\">2. Visa Card<\/a><\/li>\n<li><a href=\"\/bank\/dkb-dispo.php\">Dispo<\/a><\/li>\n<\/ul><\/div>\n<\/div>\n<p>Das DKB-Konto kann auch von deutschsprachigen Menschen im Ausland beantragt und genutzt werden. Weitere Infos dazu <a href=\"https:\/\/www.deutscheskonto.org\/de\/\">hier<\/a>.<\/p>\n<h4>Verwandte Themen<\/h4>\n<ul>\n<li><a href=\"\/bank\/dkb-visa.php\">Basics zur DKB VISA Card<\/a><\/li>\n<li><a href=\"\/news\/dauerauftrag-ausland\/\">Einrichten eines Dauerauftrags ins Ausland<\/a><\/li>\n<\/ul>\n<p><img loading=\"lazy\" decoding=\"async\" src=\"https:\/\/ssl-vg03.met.vgwort.de\/na\/40b03a407e8645e0be11efe39a43dee0\" width=\"1\" height=\"1\" alt=\"\" \/><\/p>\n<div style='text-align:left' class='yasr-auto-insert-visitor'><\/div>","protected":false},"excerpt":{"rendered":"<p>Bereits seit 2004 bin ich zu&shy;friedener DKB-Kunde und habe schon \u00f6fter \u00fcber verschiedene Funktionen des genialen Kontos berichtet. Nun m\u00f6chte ich meine Erfahrungen mit dem Auslands&shy;einsatz der VISA Card auf einer einzigen Seite zusammenf\u00fchren. Es sind einige interessante Tipps aus &hellip; <a href=\"https:\/\/www.optimal-banking.de\/news\/dkb-auslandseinsatz\/\">Weiterlesen <span class=\"meta-nav\">&rarr;<\/span><\/a><\/p>\n","protected":false},"author":2,"featured_media":0,"parent":0,"menu_order":0,"comment_status":"open","ping_status":"closed","template":"","meta":{"yasr_overall_rating":0,"yasr_post_is_review":"","yasr_auto_insert_disabled":"","yasr_review_type":"","footnotes":""},"class_list":["post-2076","page","type-page","status-publish","hentry"],"aioseo_notices":[],"yasr_visitor_votes":{"stars_attributes":{"read_only":false,"span_bottom":false},"number_of_votes":82,"sum_votes":310},"_links":{"self":[{"href":"https:\/\/www.optimal-banking.de\/news\/wp-json\/wp\/v2\/pages\/2076"}],"collection":[{"href":"https:\/\/www.optimal-banking.de\/news\/wp-json\/wp\/v2\/pages"}],"about":[{"href":"https:\/\/www.optimal-banking.de\/news\/wp-json\/wp\/v2\/types\/page"}],"author":[{"embeddable":true,"href":"https:\/\/www.optimal-banking.de\/news\/wp-json\/wp\/v2\/users\/2"}],"replies":[{"embeddable":true,"href":"https:\/\/www.optimal-banking.de\/news\/wp-json\/wp\/v2\/comments?post=2076"}],"version-history":[{"count":2,"href":"https:\/\/www.optimal-banking.de\/news\/wp-json\/wp\/v2\/pages\/2076\/revisions"}],"predecessor-version":[{"id":4981,"href":"https:\/\/www.optimal-banking.de\/news\/wp-json\/wp\/v2\/pages\/2076\/revisions\/4981"}],"wp:attachment":[{"href":"https:\/\/www.optimal-banking.de\/news\/wp-json\/wp\/v2\/media?parent=2076"}],"curies":[{"name":"wp","href":"https:\/\/api.w.org\/{rel}","templated":true}]}}