{"id":3732,"date":"2013-04-23T18:11:45","date_gmt":"2013-04-23T17:11:45","guid":{"rendered":"http:\/\/www.optimal-banking.de\/news\/?page_id=3732"},"modified":"2013-04-23T18:11:45","modified_gmt":"2013-04-23T17:11:45","slug":"dkb-ausland-bargeld","status":"publish","type":"page","link":"https:\/\/www.optimal-banking.de\/news\/dkb-ausland-bargeld\/","title":{"rendered":"DKB Ausland \u2013 wirklich kostenloses Bargeld?"},"content":{"rendered":"<blockquote style=\"margin-top:0px\"><p>Gew\u00f6hnen Sie sich schon mal an das Wort kostenlos.<\/p><\/blockquote>\n<p><div id=\"attachment_3755\" style=\"width: 310px\" class=\"wp-caption alignleft\"><img loading=\"lazy\" decoding=\"async\" aria-describedby=\"caption-attachment-3755\" src=\"https:\/\/www.optimal-banking.de\/news\/wp-content\/uploads\/sites\/2\/2013\/04\/dkb-bargeld-kostenlos.jpg\" alt=\"Autor vor einem DKB Geldautomat\" width=\"300\" height=\"217\" class=\"size-full wp-image-3755\" \/><p id=\"caption-attachment-3755\" class=\"wp-caption-text\">Der Autor nutzt die DKB VISA Card bereits seit 2004 f\u00fcr internationale Bargeld&shy;abhebungen, ohne jemals eine Geb\u00fchr bezahlt zu haben.<br \/><a href=\"\/go.php?id=dkb_kreditkarte\" target=\"_blank\" rel=\"nofollow\"><b>www.dkb.de<\/b>\/privatkunden\/dkb_cash<\/a><\/p><\/div><br \/>\nMit diesem Slogan wirbt die DKB f\u00fcr ihr kostenloses Internetkonto inklusive kostenloser Visa Card.<br \/>\n<b>Der Clou<\/b>: Bargeldabhebungen sind <b>weltweit kostenlos<\/b>.<\/p>\n<h2>Stimmt das? Trifft das auf jede Barabhebung zu?<\/h2>\n<p>Im Internet findet man viele Kundenstimmen, die das best\u00e4tigen, aber auch welche, die von gegenteiligen Erfahrungen berichten.<br \/>\nZugegeben &ndash; es gibt eine \u201eFalle\u201c beim Abheben vom Bargeld an ausl\u00e4ndischen Automaten.<\/p>\n<div>Auf dieser Seite erfahren Sie, wie man diese \u201eFalle\u201c umschifft. Nehmen Sie diese Seite als Anleitung!<\/div>\n<h2>Geb\u00fchren entstehen immer, aber die DKB \u00fcbernimmt diese f\u00fcr Sie!<\/h2>\n<p>Wenn man einen Geldautomaten benutzt &ndash; ob mit der <a href=\"\/bank\/dkb-visa.php\">DKB VISA Card<\/a> oder einer Karte einer anderen Bank &ndash; entstehen immer Kosten. Nat\u00fcrlich, denn f\u00fcr den Kunden wird eine konkrete Dienstleistung erbracht: <strong>Auszahlung von Bargeld<\/strong>.<br \/>\nDiese Geb\u00fchren entstehen im Hintergrund:<\/p>\n<ul>\n<li>Geb\u00fchr f\u00fcr Fremdautomatennutzung (Abhebegeb\u00fchr entsteht immer)<\/li>\n<li>ggf. lokale Servicegeb\u00fchr in einigen Regionen (z.&nbsp;B. in New York City)<\/li>\n<li>ggf. Geb\u00fchr f\u00fcr einen W\u00e4hrungstausch<\/li>\n<\/ul>\n<p>Schauen wir uns die Geb\u00fchren im Einzelnen an.<\/p>\n<h3>Geb\u00fchr f\u00fcr Fremdautomatennutzung<\/h3>\n<p>Diese Geb\u00fchr f\u00e4llt fast immer an, es sei denn, Sie benutzen einen der ganz wenigen DKB-Geldautomaten. In Deutschland berechnen sich Banken untereinander rund 80 Cent pro Fremdabhebung.<br \/>\nDie Geb\u00fchr wird <strong>automatisch<\/strong> von der DKB \u00fcbernommen. Als Kunde bekommen Sie davon \u00fcberhaupt nichts mit.<\/p>\n<h3>Lokale Servicegeb\u00fchr in einigen Regionen<\/h3>\n<p>Einige ausl\u00e4ndische Betreiber von Geldautomaten berechnen f\u00fcr das Abheben von Bargeld eine zus\u00e4tzlich Geb\u00fchr in lokaler W\u00e4hrung. In der Vergangenheit war das eher selten. Doch seit der Finanzkrise haben das einige Institute als zus\u00e4tzliche Einnahmequelle entdeckt.<br \/>\nDer Kunde erh\u00e4lt \u00fcber die lokale Servicegeb\u00fchr eine Mini-Quittung direkt am Automaten ausgedruckt. Umgerechnet k\u00f6nnen das zwischen 0,50 und 4,50 Euro sein.<br \/>\nDiese Geb\u00fchr wird von der DKB auf Antrag erstattet. Auf Antrag deswegen, weil die DKB nicht automatisiert von der Geb\u00fchr erf\u00e4hrt.<\/p>\n<h4>So bekommen Sie die lokale Geb\u00fchr zur\u00fcck:<\/h4>\n<p>Schreiben Sie eine E-Mail an info@dkb.de und f\u00fcgen Sie als Anlage einen Scan oder ein Foto der Geb\u00fchrenquittung bei.<\/p>\n<h4>Formulierungsvorschlag:<\/h4>\n<div>Sehr geehrte Damen und Herren,<\/p>\n<p>am [Datum] habe ich am Geldautomaten in [Ort] einen Betrag von [Betrag in ausl\u00e4ndischer W\u00e4hrung] abgehoben. Leider wurde mir eine Servicegeb\u00fchr von [Betrag in ausl\u00e4ndischer W\u00e4hrung] abgezogen. Siehe Anlage. [Scan oder Foto beif\u00fcgen].<\/p>\n<p>Bitte erstatten Sie mir diesen Betrag. Hier meine Kontonummer: [Nummer eintragen].<\/p>\n<p>Vielen Dank und freundliche Gr\u00fc\u00dfe<\/p><\/div>\n<div>Die DKB erstatten diese lokalen Geb\u00fchren. Sie steht damit voll und ganz zu Ihrer Werbeaussage, dass man weltweit kostenlos Bargeld abheben kann.<\/div>\n<h3>Geb\u00fchr f\u00fcr den W\u00e4hrungstausch<\/h3>\n<p>Die DKB berechnet <b>keine<\/b> Geb\u00fchren f\u00fcr den W\u00e4hrungstausch. Der W\u00e4hrungstausch von der Fremdw\u00e4hrung in Euro ist f\u00fcr den Kunden vollkommen <b>kostenlos<\/b>. Wie das funktioniert und wie man das kontrollieren kann, zeige ich im Artikel &rArr; <a href=\"\/news\/dkb-auslandseinsatz\/\">Streng getestet: DKB Visa Card im Auslandseinsatz<\/a>.<br \/>\nEs gibt jedoch einige ausl\u00e4ndische Automatenbetreiber, die an reisenden Fremdkunden f\u00fcrstlich verdienen wollen. Fr\u00fcher war es generell \u00fcblich, dass der Geldautomat Fremdw\u00e4hrung ausgibt und diese Fremdw\u00e4hrung der Hausbank &ndash; in unserem Fall der DKB &ndash; in Rechnung stellt. Die DKB bezahlt die Fremdbank in Fremdw\u00e4hrung und nimmt intern einen W\u00e4hrungstausch vor.<br \/>\nAn diesem verbraucherfreundlichen System war f\u00fcr die ausl\u00e4ndische Fremdbank nicht viel zu verdienen. Nur die Automatennutzungsgeb\u00fchr sowie ggf. eine lokale Servicegeb\u00fchr (selten).<br \/>\nNun gibt es einige Automatenbetreiber, die dem Kunden einen \u201eetwas verwirrenden\u201c Bildschirm bei der Bargeld-Abhebung pr\u00e4sentieren:<br \/>\n<div id=\"attachment_3686\" style=\"width: 672px\" class=\"wp-caption aligncenter\"><a href=\"https:\/\/www.optimal-banking.de\/news\/wp-content\/uploads\/sites\/2\/2013\/04\/atm-geldautomat.jpg\"><img loading=\"lazy\" decoding=\"async\" aria-describedby=\"caption-attachment-3686\" src=\"https:\/\/www.optimal-banking.de\/news\/wp-content\/uploads\/sites\/2\/2013\/04\/atm-geldautomat.jpg\" alt=\"ATM Geldautomat am Flughafen Heathrow\" width=\"662\" height=\"459\" class=\"size-full wp-image-3686\" srcset=\"https:\/\/www.optimal-banking.de\/news\/wp-content\/uploads\/sites\/2\/2013\/04\/atm-geldautomat.jpg 662w, https:\/\/www.optimal-banking.de\/news\/wp-content\/uploads\/sites\/2\/2013\/04\/atm-geldautomat-300x208.jpg 300w\" sizes=\"(max-width: 662px) 100vw, 662px\" \/><\/a><p id=\"caption-attachment-3686\" class=\"wp-caption-text\">Die Aufnahme entstand an einem Geldautomaten am Flughafen London Heathrow.<\/p><\/div><br \/>\nIntuitiv dr\u00fccken viele Bankkunden auf \u201e<b>Yes<\/b>\u201c, da sie ja Bargeld abheben m\u00f6chten. Damit erkl\u00e4rt man sich jedoch einverstanden, dass die Fremdbank den W\u00e4hrungswechsel \u00fcbernimmt und daf\u00fcr in diesem Beispiel 7,5&nbsp;% vom Abhebebetrag (Make-Up Rate) als Geb\u00fchr kassiert!<\/p>\n<blockquote><p>Nach meiner Auffassung ist das fiese Abzocke!<\/p><\/blockquote>\n<p>Richtig w\u00e4re es, \u201e<b>No<\/b>\u201c zu dr\u00fccken. Sie bekommen ihr Bargeld genauso ausbezahlt, nur mit dem Unterschied, dass den W\u00e4hrungswechsel ihre Hausbank DKB f\u00fcr Sie kostenlos \u00fcbernimmt.<br \/>\nF\u00e4llt man auf diese \u201eFalle\u201c der ausl\u00e4ndischen Bank rein, kann die DKB die Wechselgeb\u00fchr nicht erstatten, da die DKB diesen Wechselservice kostenlos gemacht h\u00e4tte. Der Kunde hat sich &ndash; geblendet vom verwirrenden Bildschirm des Automaten &ndash; aktiv gegen den W\u00e4hrungstausch der DKB entschieden.<br \/>\nGenau dieser Punkt steht hinter einigen Erfahrungen, dass das Bargeldabheben irgendwie doch nicht ganz kostenlos war! Hier mein ausf\u00fchrlicher Artikel dazu &rArr; <a href=\"\/news\/abzocke-geldautomat-ausland\/\">Abzocke an ausl\u00e4ndischen Geldautomaten und wie man sie umgeht<\/a> (inklusive Beweis-Bilder).<\/p>\n<div>Ich hoffe, mit dieser Anleitung und Hintergrundinformationen zum besseren Verst\u00e4ndnis und optimalen Nutzung der DKB VISA Card beizutragen. <b>Selbst nutze ich<\/b> dieses Konto bereits seit 2004 und bin der <b>DKB sehr dankbar<\/b> f\u00fcr diese einzigartigen Konditionen!<\/div>\n<div style=\"margin-top:40px;margin-bottom:40px;min-width:400px\">\n<h3 class=\"lbo\">&#x201C;Jetzt zur DKB wechseln&#x201D;<\/h3>\n<div class=\"lb-rand\">\n<p style=\"text-align:center;margin-top:10px\">Weltweit <b>geb\u00fchrenfrei<\/b> Bargeld erhalten<\/p>\n<div class=\"lb-link\"><a href=\"\/go.php?id=dkb_kreditkarte\" rel=\"nofollow\" target=\"_blank\">Hier geht&#x2019;s zur Bank &raquo;&nbsp;<\/a><\/div>\n<p style=\"text-align:center;margin-top:10px\"><a href=\"\/go.php?id=dkb_kreditkarte\" rel=\"nofollow\" target=\"_blank\"><b>www.dkb.de<\/b>\/privatkunden\/dkb_cash<\/a><\/p>\n<\/div>\n<\/div>\n<div style=\"float:right;margin-right:0px\">\n<div style=\"background-color:#FFF4EA;border:solid 1px #FFDCB9;padding:5px 7px;float:right;margin:0 0 1px 5px;width:200px\">\n<h5 style=\"margin-bottom:2px\">Navigation DKB<\/h5>\n<ul style=\"margin-bottom:2px;margin-top:0\">\n<li><a href=\"\/bank\/dkb-girokonto.php\">Girokonto<\/a><\/li>\n<li><a href=\"\/bank\/dkb-bargeld.php\">Bargeld kostenlos<\/a><\/li>\n<li><a href=\"\/bank\/dkb-2-kreditkarte.php\">2. Visa Card<\/a><\/li>\n<li><a href=\"\/bank\/dkb-dispo.php\">Dispo<\/a><\/li>\n<\/ul><\/div>\n<\/div>\n<h3>Haben Sie noch Fragen?<\/h3>\n<p>Schreiben Sie mir Ihre Frage ins Kommentarfeld direkt unter diesen Artikel. <b>Gerne helfe ich<\/b> mit meinen Erfahrungen weiter. Ebenso sind Ihre Erfahrungen als wertvolle Erg\u00e4nzung willkommen!<img loading=\"lazy\" decoding=\"async\" src=\"http:\/\/vg09.met.vgwort.de\/na\/063246df93ab4dc18522eecfbde94d2e\" width=\"1\" height=\"1\" alt=\"\" \/><\/p>\n<div style='text-align:left' class='yasr-auto-insert-visitor'><\/div>","protected":false},"excerpt":{"rendered":"<p>Gew\u00f6hnen Sie sich schon mal an das Wort kostenlos. Mit diesem Slogan wirbt die DKB f\u00fcr ihr kostenloses Internetkonto inklusive kostenloser Visa Card. Der Clou: Bargeldabhebungen sind weltweit kostenlos. Stimmt das? Trifft das auf jede Barabhebung zu? Im Internet findet &hellip; <a href=\"https:\/\/www.optimal-banking.de\/news\/dkb-ausland-bargeld\/\">Weiterlesen <span class=\"meta-nav\">&rarr;<\/span><\/a><\/p>\n","protected":false},"author":2,"featured_media":0,"parent":0,"menu_order":0,"comment_status":"open","ping_status":"closed","template":"","meta":{"yasr_overall_rating":0,"yasr_post_is_review":"","yasr_auto_insert_disabled":"","yasr_review_type":"","footnotes":""},"class_list":["post-3732","page","type-page","status-publish","hentry"],"aioseo_notices":[],"yasr_visitor_votes":{"stars_attributes":{"read_only":false,"span_bottom":false},"number_of_votes":3,"sum_votes":10},"_links":{"self":[{"href":"https:\/\/www.optimal-banking.de\/news\/wp-json\/wp\/v2\/pages\/3732"}],"collection":[{"href":"https:\/\/www.optimal-banking.de\/news\/wp-json\/wp\/v2\/pages"}],"about":[{"href":"https:\/\/www.optimal-banking.de\/news\/wp-json\/wp\/v2\/types\/page"}],"author":[{"embeddable":true,"href":"https:\/\/www.optimal-banking.de\/news\/wp-json\/wp\/v2\/users\/2"}],"replies":[{"embeddable":true,"href":"https:\/\/www.optimal-banking.de\/news\/wp-json\/wp\/v2\/comments?post=3732"}],"version-history":[{"count":0,"href":"https:\/\/www.optimal-banking.de\/news\/wp-json\/wp\/v2\/pages\/3732\/revisions"}],"wp:attachment":[{"href":"https:\/\/www.optimal-banking.de\/news\/wp-json\/wp\/v2\/media?parent=3732"}],"curies":[{"name":"wp","href":"https:\/\/api.w.org\/{rel}","templated":true}]}}