{"id":4590,"date":"2013-07-12T08:44:30","date_gmt":"2013-07-12T07:44:30","guid":{"rendered":"http:\/\/www.optimal-banking.de\/news\/?page_id=4590"},"modified":"2013-07-12T08:44:30","modified_gmt":"2013-07-12T07:44:30","slug":"procredit-tagesgeld","status":"publish","type":"page","link":"https:\/\/www.optimal-banking.de\/news\/procredit-tagesgeld\/","title":{"rendered":"ProCredit Tagesgeld \u279c Erfahrung mit einer interessanten Bank"},"content":{"rendered":"<p><div style=\"width: 110px\" class=\"wp-caption alignright\"><img loading=\"lazy\" decoding=\"async\" src=\"\/x210\/jnbasel.jpg\" width=\"100\" height=\"138\" alt=\"Bankkunde und Autor.\" class \/><p class=\"wp-caption-text\">Bankkunde und Autor.<\/p><\/div><br \/>\n<b>Einfach und schnell nutzbar, von daher absolut empfehlenswert<\/b><br \/>\n<em>&#8211; Erfahrungsbericht von Sascha Niedung, 12.7.2013 &#8211;<\/em><br \/>\n<img loading=\"lazy\" decoding=\"async\" src=\"\/x210\/procredit-bank-100.jpg\" width=\"100\" height=\"17\" alt=\"ProCredit Bank\" class=\"alignleft\" \/><br \/>\nDa ich gerne auch einmal einer anderen Bank eine Chance gebe, blieb mir auch die j\u00fcngste Marktteilnahme der ProCredit Bank nicht verborgen.<\/p>\n<h2>Bank vergibt Kredite in Schwellenl\u00e4ndern<\/h2>\n<p>Diese ist neu in Deutschland und meinen Recherchen viel in S\u00fcdosteuropa oder auch S\u00fcdamerika aktiv. Da das ganze aber unter deutscher Einlagensicherung stattfindet, gab ich der Bank eine Chance und beantragte ein Konto.<\/p>\n<h3>Kontoer\u00f6ffnung mit Willkommenspaket und Visitenkarte<\/h3>\n<p><div style=\"width: 370px\" class=\"wp-caption alignright\"><img loading=\"lazy\" decoding=\"async\" src=\"\/x210\/procredit-bank-unterlagen-360.jpg\" width=\"360\" height=\"475\" alt=\"Willkommenspaket der ProCredit Bank zum Tagesgeld.\" class \/><p class=\"wp-caption-text\">Willkommenspaket der ProCredit Bank zum Tagesgeld.<\/p><\/div><br \/>\nNach meiner Urlaubsr\u00fcckkehr musste ich erst einmal \u00fcber mich selbst lachen, heldenhaft hatte ich vergessen, das Kontoer\u00f6ffnungsformular zu unterzeichnen. Also ab in den Umschlag, Briefmarke drauf und noch ein Brief ab an die Bank nach Frankfurt an Main.<br \/>\nWenig sp\u00e4ter hie\u00df mich die Bank mit einem kleinen Infopaket willkommen. Darin fanden sich neben den Best\u00e4tigungsschreiben auch die Bedingungen, ein Kurzportrait der Bank und eine Visitenkarte f\u00fcr weitere Fragen. Sehr angenehm!<br \/>\nDirekt einen Tag sp\u00e4ter traf dann auch die Erst-PIN f\u00fcr Online und Telefon ein, jeweils eine eigene. Diese Kennung ist anschlie\u00dfend zu ver\u00e4ndern und stellt das Loginpasswort dar.<\/p>\n<h3>Online-Banking ist funktional<\/h3>\n<p>Der Loginbereich ist recht schlicht, bietet aber alle notwendigen Funktionen.<br \/>\nBesonders angenehm finde ich den Reiter &quot;Kontodetails&quot;, in dem ich sowohl meine eigene Bankverbindung als auch den aktuellen Tagesgeldzinssatz stets im Blick halten kann.<\/p>\n<blockquote><p>Test\u00fcberweisung klappte hervorragend!<\/p><\/blockquote>\n<p>Auch kann ich dort sehen, seit wann ich Kunde der Bank bin. Die erste Test\u00fcberweisung eines dreistelligen Betrages traf z\u00fcgig im Interface ein.<\/p>\n<h3>Freistellungsauftrag online<\/h3>\n<p>Ein Freistellungsauftrag kann online nicht eingerichtet werden, hier ist ein PDF-Dokument auszuf\u00fcllen. Die Zinsen werden einmal j\u00e4hrlich ausgesch\u00fcttet und dann gutschrieben.<\/p>\n<h2>Meine Bewertung des Tagesgelds der ProCredit Bank<\/h2>\n<p>Bis jetzt aus meiner Sicht ein Tagesgeldkonto ohne Schnickschnack und mit angenehm z\u00fcgiger Er\u00f6ffnung. Es w\u00e4re sicherlich noch schneller gegangen, h\u00e4tte ich beim ersten Versuch an die Unterschrift gedacht. \ud83d\ude42<\/p>\n<h4>Verwandte Themen<\/h4>\n<ul>\n<li><a href=\"\/erfahrungen\/dab-depot.php\">DAB Depot &ndash; Erfahrungen<\/a><\/li>\n<li><a href=\"\/bank\/barclaycard-test.php\">Barclaycard im Test<\/a><\/li>\n<li><a href=\"\/news\/ffs-festgeld-erfahrung\/\">Erfahrungen zum FFS Festgeld<\/a><\/li>\n<\/ul>\n<div style='text-align:left' class='yasr-auto-insert-visitor'><\/div>","protected":false},"excerpt":{"rendered":"<p>Einfach und schnell nutzbar, von daher absolut empfehlenswert &#8211; Erfahrungsbericht von Sascha Niedung, 12.7.2013 &#8211; Da ich gerne auch einmal einer anderen Bank eine Chance gebe, blieb mir auch die j\u00fcngste Marktteilnahme der ProCredit Bank nicht verborgen. Bank vergibt Kredite &hellip; <a href=\"https:\/\/www.optimal-banking.de\/news\/procredit-tagesgeld\/\">Weiterlesen <span class=\"meta-nav\">&rarr;<\/span><\/a><\/p>\n","protected":false},"author":4,"featured_media":0,"parent":0,"menu_order":0,"comment_status":"open","ping_status":"closed","template":"","meta":{"yasr_overall_rating":0,"yasr_post_is_review":"","yasr_auto_insert_disabled":"","yasr_review_type":"","footnotes":""},"class_list":["post-4590","page","type-page","status-publish","hentry"],"aioseo_notices":[],"yasr_visitor_votes":{"stars_attributes":{"read_only":false,"span_bottom":false},"number_of_votes":1,"sum_votes":5},"_links":{"self":[{"href":"https:\/\/www.optimal-banking.de\/news\/wp-json\/wp\/v2\/pages\/4590"}],"collection":[{"href":"https:\/\/www.optimal-banking.de\/news\/wp-json\/wp\/v2\/pages"}],"about":[{"href":"https:\/\/www.optimal-banking.de\/news\/wp-json\/wp\/v2\/types\/page"}],"author":[{"embeddable":true,"href":"https:\/\/www.optimal-banking.de\/news\/wp-json\/wp\/v2\/users\/4"}],"replies":[{"embeddable":true,"href":"https:\/\/www.optimal-banking.de\/news\/wp-json\/wp\/v2\/comments?post=4590"}],"version-history":[{"count":0,"href":"https:\/\/www.optimal-banking.de\/news\/wp-json\/wp\/v2\/pages\/4590\/revisions"}],"wp:attachment":[{"href":"https:\/\/www.optimal-banking.de\/news\/wp-json\/wp\/v2\/media?parent=4590"}],"curies":[{"name":"wp","href":"https:\/\/api.w.org\/{rel}","templated":true}]}}